{"id":24,"date":"2023-04-25T14:45:48","date_gmt":"2023-04-25T12:45:48","guid":{"rendered":"http:\/\/jardinsetmaisons.info\/?page_id=24"},"modified":"2023-06-08T16:23:09","modified_gmt":"2023-06-08T14:23:09","slug":"creation-et-amenagement-de-jardins","status":"publish","type":"page","link":"https:\/\/jardinsetmaisons.info\/index.php\/creation-et-amenagement-de-jardins\/","title":{"rendered":"Cr\u00e9ation d&rsquo;espaces paysag\u00e9s"},"content":{"rendered":"\n<p><br>&nbsp;<\/p>\n\n\n\n<h2 class=\"wp-block-heading\"><strong>Pour r\u00e9ussir l\u2019am\u00e9nagement des plantations<\/strong><\/h2>\n\n\n\n<p>Il faut d&rsquo;abord cr\u00e9er des volumes, dessiner des lignes de fuites, pr\u00e9voir l\u2019\u00e9volution dans les saisons et au fil des ann\u00e9es&nbsp;: le travail d\u2019un paysagiste est autant artistique que technique.<\/p>\n\n\n\n<p>Lors d\u2019une premi\u00e8re rencontre, nous nous d\u00e9pla\u00e7ons afin de prendre connaissance de vos d\u00e9sirs et besoins, de bien comprendre vos go\u00fbts en mati\u00e8re de d\u00e9coration et de plantes. Nous vous apportons des conseils et sommes \u00e0 votre \u00e9coute pour respecter vos envies et \u00eatre en ad\u00e9quation avec le budget que vous vous \u00eates fix\u00e9.&nbsp;<\/p>\n\n\n\n<p>A l\u2019issu de ce rendez-vous, nous \u00e9tablissons un devis sur mesure. Nous nous engageons \u00e0 respecter les d\u00e9lais de mise en place en fonction de vos pr\u00e9-requis et de vos disponibilit\u00e9s tout en \u00e9tant oblig\u00e9 de tenir compte des conditions m\u00e9t\u00e9orologiques.<br><br><\/p>\n\n\n\n<figure class=\"wp-block-image size-large\"><img loading=\"lazy\" decoding=\"async\" width=\"1024\" height=\"438\" src=\"http:\/\/jardinsetmaisons.info\/wp-content\/uploads\/2023\/04\/dia-conception-projet-02-1024x438.jpg\" alt=\"\" class=\"wp-image-105\" srcset=\"https:\/\/jardinsetmaisons.info\/wp-content\/uploads\/2023\/04\/dia-conception-projet-02-1024x438.jpg 1024w, https:\/\/jardinsetmaisons.info\/wp-content\/uploads\/2023\/04\/dia-conception-projet-02-300x128.jpg 300w, https:\/\/jardinsetmaisons.info\/wp-content\/uploads\/2023\/04\/dia-conception-projet-02-768x328.jpg 768w, https:\/\/jardinsetmaisons.info\/wp-content\/uploads\/2023\/04\/dia-conception-projet-02-1536x657.jpg 1536w, https:\/\/jardinsetmaisons.info\/wp-content\/uploads\/2023\/04\/dia-conception-projet-02-2048x875.jpg 2048w\" sizes=\"auto, (max-width: 1024px) 100vw, 1024px\" \/><\/figure>\n\n\n\n<h2 class=\"wp-block-heading\"><br><strong>Quelles plantations choisir pour am\u00e9nager son jardin&nbsp;?<\/strong><\/h2>\n\n\n\n<p>Quel arbre&nbsp;? Quelle haie&nbsp;? Quel massif floral&nbsp;? Jardins et Maisons b\u00e9n\u00e9ficie d\u2019un grand savoir-faire et d\u2019ann\u00e9es de pratique dans l\u2019am\u00e9nagement de jardin. Notre sensibilit\u00e9 d\u00e9corative et architecturale s\u2019accompagne d\u2019une connaissance approfondie des divers types d\u2019arbres, d\u2019arbustes, de plantes et de fleurs.<\/p>\n\n\n\n<p>Nous veillons \u00e0 choisir des arbres et arbustes sains, sans blessure, sans anomalie, sans parasites et sans maladie et pr\u00e9sentant un aspect homog\u00e8ne.<br>&nbsp;<\/p>\n\n\n\n<h2 class=\"wp-block-heading\"><strong>Am\u00e9nagement de plantation&nbsp;: la qualit\u00e9 garantie<\/strong><\/h2>\n\n\n\n<p>Nous vous offrons un haut niveau d\u2019expertise dans l\u2019am\u00e9nagement de vos plantations.<br><br>&nbsp;<\/p>\n\n\n<div class=\"wp-block-image\">\n<figure class=\"aligncenter size-full is-resized\"><img loading=\"lazy\" decoding=\"async\" src=\"http:\/\/jardinsetmaisons.info\/wp-content\/uploads\/2023\/04\/plantations-10.jpg\" alt=\"\" class=\"wp-image-110\" width=\"837\" height=\"471\" srcset=\"https:\/\/jardinsetmaisons.info\/wp-content\/uploads\/2023\/04\/plantations-10.jpg 800w, https:\/\/jardinsetmaisons.info\/wp-content\/uploads\/2023\/04\/plantations-10-300x169.jpg 300w, https:\/\/jardinsetmaisons.info\/wp-content\/uploads\/2023\/04\/plantations-10-768x432.jpg 768w\" sizes=\"auto, (max-width: 837px) 100vw, 837px\" \/><\/figure>\n<\/div>\n\n\n<h2 class=\"wp-block-heading\"><br><br><strong>Quel co\u00fbt&nbsp;et quel entretien pour l\u2019am\u00e9nagement de jardin&nbsp;?<\/strong><\/h2>\n\n\n\n<p>Le prix global d\u2019un am\u00e9nagement de jardin d\u00e9pend d\u2019un ensemble de param\u00e8tres&nbsp;:<br><br>&gt;&gt; <strong>La surface du jardin<\/strong><\/p>\n\n\n\n<p>Plus la surface de votre terrain est importante, plus la quantit\u00e9 de plantations, de terre sera importante. Le co\u00fbt d\u00e9pendra de la taille des plantes, des acc\u00e8s possibles, de ce que vous pensez leur confier comme mission.<br><br>&gt;&gt; <strong>Les esp\u00e8ces de plantes choisie<\/strong><\/p>\n\n\n\n<p>Les plantations les plus ch\u00e8res ne sont pas n\u00e9cessairement celles que l\u2019on croit&nbsp;! Nous pourrons vous proposer des \u00e9quivalences pour conserver le \u00ab&nbsp;style&nbsp;\u00bb de votre jardin sans faire envoler les prix.<br><br>&gt;&gt; <strong>La complexit\u00e9 du chantier<\/strong><\/p>\n\n\n\n<p>En fonction de la taille des arbres et arbustes \u00e0 planter, mais aussi de la facilit\u00e9 d\u2019acc\u00e8s au terrain, des d\u00e9nivel\u00e9s, des diff\u00e9rences de pentes afin d\u2019\u00e9vacuer ou de r\u00e9cup\u00e9rer l\u2019eau\u2026nous devront \u00e9valuer le temps, en nombre d\u2019heures ou de jours de travail. Disposant d\u2019un outillage tr\u00e8s important, nous saurons utiliser le mat\u00e9riel adapt\u00e9 aux contraintes, minimisant ainsi le co\u00fbt du chantier.<\/p>\n","protected":false},"excerpt":{"rendered":"<p>&nbsp; Pour r\u00e9ussir l\u2019am\u00e9nagement des plantations Il faut d&rsquo;abord cr\u00e9er des volumes, dessiner des lignes de fuites, pr\u00e9voir l\u2019\u00e9volution dans les saisons et au fil des ann\u00e9es&nbsp;: le travail d\u2019un paysagiste est autant artistique que technique. Lors d\u2019une premi\u00e8re rencontre, nous nous d\u00e9pla\u00e7ons afin de prendre connaissance de vos d\u00e9sirs et besoins, de bien comprendre vos go\u00fbts en mati\u00e8re de d\u00e9coration et de plantes. Nous&hellip; <\/p>\n","protected":false},"author":1,"featured_media":0,"parent":0,"menu_order":0,"comment_status":"closed","ping_status":"closed","template":"","meta":{"ngg_post_thumbnail":0,"footnotes":""},"class_list":["post-24","page","type-page","status-publish","hentry","clearfix"],"yoast_head":"<!-- This site is optimized with the Yoast SEO plugin v26.6 - https:\/\/yoast.com\/wordpress\/plugins\/seo\/ -->\n<title>Cr\u00e9ation d&#039;espaces paysag\u00e9s - Jardins et Maisons - Nicolas Berger<\/title>\n<meta name=\"robots\" content=\"index, follow, max-snippet:-1, max-image-preview:large, max-video-preview:-1\" \/>\n<link rel=\"canonical\" href=\"https:\/\/jardinsetmaisons.info\/index.php\/creation-et-amenagement-de-jardins\/\" \/>\n<meta property=\"og:locale\" content=\"fr_FR\" \/>\n<meta property=\"og:type\" content=\"article\" \/>\n<meta property=\"og:title\" content=\"Cr\u00e9ation d&#039;espaces paysag\u00e9s - Jardins et Maisons - Nicolas Berger\" \/>\n<meta property=\"og:description\" content=\"&nbsp; Pour r\u00e9ussir l\u2019am\u00e9nagement des plantations Il faut d&rsquo;abord cr\u00e9er des volumes, dessiner des lignes de fuites, pr\u00e9voir l\u2019\u00e9volution dans les saisons et au fil des ann\u00e9es&nbsp;: le travail d\u2019un paysagiste est autant artistique que technique. Lors d\u2019une premi\u00e8re rencontre, nous nous d\u00e9pla\u00e7ons afin de prendre connaissance de vos d\u00e9sirs et besoins, de bien comprendre vos go\u00fbts en mati\u00e8re de d\u00e9coration et de plantes. Nous&hellip;\" \/>\n<meta property=\"og:url\" content=\"https:\/\/jardinsetmaisons.info\/index.php\/creation-et-amenagement-de-jardins\/\" \/>\n<meta property=\"og:site_name\" content=\"Jardins et Maisons - Nicolas Berger\" \/>\n<meta property=\"article:modified_time\" content=\"2023-06-08T14:23:09+00:00\" \/>\n<meta property=\"og:image\" content=\"http:\/\/jardinsetmaisons.info\/wp-content\/uploads\/2023\/04\/dia-conception-projet-02-1024x438.jpg\" \/>\n<meta name=\"twitter:card\" content=\"summary_large_image\" \/>\n<meta name=\"twitter:label1\" content=\"Dur\u00e9e de lecture estim\u00e9e\" \/>\n\t<meta name=\"twitter:data1\" content=\"3 minutes\" \/>\n<script type=\"application\/ld+json\" class=\"yoast-schema-graph\">{\"@context\":\"https:\/\/schema.org\",\"@graph\":[{\"@type\":\"WebPage\",\"@id\":\"https:\/\/jardinsetmaisons.info\/index.php\/creation-et-amenagement-de-jardins\/\",\"url\":\"https:\/\/jardinsetmaisons.info\/index.php\/creation-et-amenagement-de-jardins\/\",\"name\":\"Cr\u00e9ation d'espaces paysag\u00e9s - Jardins et Maisons - Nicolas Berger\",\"isPartOf\":{\"@id\":\"https:\/\/jardinsetmaisons.info\/#website\"},\"primaryImageOfPage\":{\"@id\":\"https:\/\/jardinsetmaisons.info\/index.php\/creation-et-amenagement-de-jardins\/#primaryimage\"},\"image\":{\"@id\":\"https:\/\/jardinsetmaisons.info\/index.php\/creation-et-amenagement-de-jardins\/#primaryimage\"},\"thumbnailUrl\":\"http:\/\/jardinsetmaisons.info\/wp-content\/uploads\/2023\/04\/dia-conception-projet-02-1024x438.jpg\",\"datePublished\":\"2023-04-25T12:45:48+00:00\",\"dateModified\":\"2023-06-08T14:23:09+00:00\",\"breadcrumb\":{\"@id\":\"https:\/\/jardinsetmaisons.info\/index.php\/creation-et-amenagement-de-jardins\/#breadcrumb\"},\"inLanguage\":\"fr-FR\",\"potentialAction\":[{\"@type\":\"ReadAction\",\"target\":[\"https:\/\/jardinsetmaisons.info\/index.php\/creation-et-amenagement-de-jardins\/\"]}]},{\"@type\":\"ImageObject\",\"inLanguage\":\"fr-FR\",\"@id\":\"https:\/\/jardinsetmaisons.info\/index.php\/creation-et-amenagement-de-jardins\/#primaryimage\",\"url\":\"https:\/\/jardinsetmaisons.info\/wp-content\/uploads\/2023\/04\/dia-conception-projet-02-scaled.jpg\",\"contentUrl\":\"https:\/\/jardinsetmaisons.info\/wp-content\/uploads\/2023\/04\/dia-conception-projet-02-scaled.jpg\",\"width\":2560,\"height\":1094},{\"@type\":\"BreadcrumbList\",\"@id\":\"https:\/\/jardinsetmaisons.info\/index.php\/creation-et-amenagement-de-jardins\/#breadcrumb\",\"itemListElement\":[{\"@type\":\"ListItem\",\"position\":1,\"name\":\"Accueil\",\"item\":\"https:\/\/jardinsetmaisons.info\/\"},{\"@type\":\"ListItem\",\"position\":2,\"name\":\"Cr\u00e9ation d&rsquo;espaces paysag\u00e9s\"}]},{\"@type\":\"WebSite\",\"@id\":\"https:\/\/jardinsetmaisons.info\/#website\",\"url\":\"https:\/\/jardinsetmaisons.info\/\",\"name\":\"Jardins et Maisons - Nicolas Berger\",\"description\":\"Jardins et Maisons - Nicolas Berger\",\"potentialAction\":[{\"@type\":\"SearchAction\",\"target\":{\"@type\":\"EntryPoint\",\"urlTemplate\":\"https:\/\/jardinsetmaisons.info\/?s={search_term_string}\"},\"query-input\":{\"@type\":\"PropertyValueSpecification\",\"valueRequired\":true,\"valueName\":\"search_term_string\"}}],\"inLanguage\":\"fr-FR\"}]}<\/script>\n<!-- \/ Yoast SEO plugin. -->","yoast_head_json":{"title":"Cr\u00e9ation d'espaces paysag\u00e9s - Jardins et Maisons - Nicolas Berger","robots":{"index":"index","follow":"follow","max-snippet":"max-snippet:-1","max-image-preview":"max-image-preview:large","max-video-preview":"max-video-preview:-1"},"canonical":"https:\/\/jardinsetmaisons.info\/index.php\/creation-et-amenagement-de-jardins\/","og_locale":"fr_FR","og_type":"article","og_title":"Cr\u00e9ation d'espaces paysag\u00e9s - Jardins et Maisons - Nicolas Berger","og_description":"&nbsp; Pour r\u00e9ussir l\u2019am\u00e9nagement des plantations Il faut d&rsquo;abord cr\u00e9er des volumes, dessiner des lignes de fuites, pr\u00e9voir l\u2019\u00e9volution dans les saisons et au fil des ann\u00e9es&nbsp;: le travail d\u2019un paysagiste est autant artistique que technique. Lors d\u2019une premi\u00e8re rencontre, nous nous d\u00e9pla\u00e7ons afin de prendre connaissance de vos d\u00e9sirs et besoins, de bien comprendre vos go\u00fbts en mati\u00e8re de d\u00e9coration et de plantes. Nous&hellip;","og_url":"https:\/\/jardinsetmaisons.info\/index.php\/creation-et-amenagement-de-jardins\/","og_site_name":"Jardins et Maisons - Nicolas Berger","article_modified_time":"2023-06-08T14:23:09+00:00","og_image":[{"url":"http:\/\/jardinsetmaisons.info\/wp-content\/uploads\/2023\/04\/dia-conception-projet-02-1024x438.jpg","type":"","width":"","height":""}],"twitter_card":"summary_large_image","twitter_misc":{"Dur\u00e9e de lecture estim\u00e9e":"3 minutes"},"schema":{"@context":"https:\/\/schema.org","@graph":[{"@type":"WebPage","@id":"https:\/\/jardinsetmaisons.info\/index.php\/creation-et-amenagement-de-jardins\/","url":"https:\/\/jardinsetmaisons.info\/index.php\/creation-et-amenagement-de-jardins\/","name":"Cr\u00e9ation d'espaces paysag\u00e9s - Jardins et Maisons - Nicolas Berger","isPartOf":{"@id":"https:\/\/jardinsetmaisons.info\/#website"},"primaryImageOfPage":{"@id":"https:\/\/jardinsetmaisons.info\/index.php\/creation-et-amenagement-de-jardins\/#primaryimage"},"image":{"@id":"https:\/\/jardinsetmaisons.info\/index.php\/creation-et-amenagement-de-jardins\/#primaryimage"},"thumbnailUrl":"http:\/\/jardinsetmaisons.info\/wp-content\/uploads\/2023\/04\/dia-conception-projet-02-1024x438.jpg","datePublished":"2023-04-25T12:45:48+00:00","dateModified":"2023-06-08T14:23:09+00:00","breadcrumb":{"@id":"https:\/\/jardinsetmaisons.info\/index.php\/creation-et-amenagement-de-jardins\/#breadcrumb"},"inLanguage":"fr-FR","potentialAction":[{"@type":"ReadAction","target":["https:\/\/jardinsetmaisons.info\/index.php\/creation-et-amenagement-de-jardins\/"]}]},{"@type":"ImageObject","inLanguage":"fr-FR","@id":"https:\/\/jardinsetmaisons.info\/index.php\/creation-et-amenagement-de-jardins\/#primaryimage","url":"https:\/\/jardinsetmaisons.info\/wp-content\/uploads\/2023\/04\/dia-conception-projet-02-scaled.jpg","contentUrl":"https:\/\/jardinsetmaisons.info\/wp-content\/uploads\/2023\/04\/dia-conception-projet-02-scaled.jpg","width":2560,"height":1094},{"@type":"BreadcrumbList","@id":"https:\/\/jardinsetmaisons.info\/index.php\/creation-et-amenagement-de-jardins\/#breadcrumb","itemListElement":[{"@type":"ListItem","position":1,"name":"Accueil","item":"https:\/\/jardinsetmaisons.info\/"},{"@type":"ListItem","position":2,"name":"Cr\u00e9ation d&rsquo;espaces paysag\u00e9s"}]},{"@type":"WebSite","@id":"https:\/\/jardinsetmaisons.info\/#website","url":"https:\/\/jardinsetmaisons.info\/","name":"Jardins et Maisons - Nicolas Berger","description":"Jardins et Maisons - Nicolas Berger","potentialAction":[{"@type":"SearchAction","target":{"@type":"EntryPoint","urlTemplate":"https:\/\/jardinsetmaisons.info\/?s={search_term_string}"},"query-input":{"@type":"PropertyValueSpecification","valueRequired":true,"valueName":"search_term_string"}}],"inLanguage":"fr-FR"}]}},"_links":{"self":[{"href":"https:\/\/jardinsetmaisons.info\/index.php\/wp-json\/wp\/v2\/pages\/24","targetHints":{"allow":["GET"]}}],"collection":[{"href":"https:\/\/jardinsetmaisons.info\/index.php\/wp-json\/wp\/v2\/pages"}],"about":[{"href":"https:\/\/jardinsetmaisons.info\/index.php\/wp-json\/wp\/v2\/types\/page"}],"author":[{"embeddable":true,"href":"https:\/\/jardinsetmaisons.info\/index.php\/wp-json\/wp\/v2\/users\/1"}],"replies":[{"embeddable":true,"href":"https:\/\/jardinsetmaisons.info\/index.php\/wp-json\/wp\/v2\/comments?post=24"}],"version-history":[{"count":13,"href":"https:\/\/jardinsetmaisons.info\/index.php\/wp-json\/wp\/v2\/pages\/24\/revisions"}],"predecessor-version":[{"id":956,"href":"https:\/\/jardinsetmaisons.info\/index.php\/wp-json\/wp\/v2\/pages\/24\/revisions\/956"}],"wp:attachment":[{"href":"https:\/\/jardinsetmaisons.info\/index.php\/wp-json\/wp\/v2\/media?parent=24"}],"curies":[{"name":"wp","href":"https:\/\/api.w.org\/{rel}","templated":true}]}}