{"id":1233,"date":"2024-09-25T14:45:00","date_gmt":"2024-09-25T12:45:00","guid":{"rendered":"https:\/\/jardinsetmaisons.info\/?page_id=1233"},"modified":"2024-09-25T16:50:04","modified_gmt":"2024-09-25T14:50:04","slug":"entretien-2","status":"publish","type":"page","link":"https:\/\/jardinsetmaisons.info\/index.php\/entretien-2\/","title":{"rendered":"Entretien"},"content":{"rendered":"\n<p><strong>Analyse et traitement de l&rsquo;eau, nettoyage du bassin, v\u00e9rification des \u00e9quipements, remise en fonctionnement d&rsquo;une installation et pour un bon hivernage, vidange, mise en s\u00e9curit\u00e9 de l&rsquo;installation : Jardins et Maisons peut intervenir dans tous ces domaines et vous aider \u00e0 profiter au mieux de votre piscine.<\/strong><\/p>\n\n\n\n<h3 class=\"wp-block-heading\">Analyse et traitement de l&rsquo;eau<\/h3>\n\n\n\n<p>Nous proc\u00e9dons \u00e0 une analyse compl\u00e8te de l\u2019eau et apportons les traitements n\u00e9cessaires afin de pr\u00e9venir ou faire dispara\u00eetre les d\u00e9sagr\u00e9ments d&rsquo;une eau verte et satur\u00e9e.<br>Apr\u00e8s une analyse de l&rsquo;eau et un point complet de l&rsquo;installation nous r\u00e9alisons les gestes et le traitement chimique ad\u00e9quats pour que l&rsquo;eau redevienne cristalline.\u00a0<\/p>\n\n\n\n<h3 class=\"wp-block-heading\">Contr\u00f4le r\u00e9gulation et calibration sonde ph<\/h3>\n\n\n\n<p>Chaque ann\u00e9e,\u00a0il est important de v\u00e9rifier la pr\u00e9cision des appareils de mesures des syst\u00e8mes de r\u00e9gulation \u00a0automatique. L\u2019efficacit\u00e9 d\u2019un syst\u00e8me de r\u00e9gulation repose sur\u00a0<strong>la pr\u00e9cision des mesures fournies par les sondes<\/strong>\u00a0d\u2019analyse. La proc\u00e9dure d\u2019\u00e9talonnage est un incontournable qui permet \u00e0 l\u2019appareil<br>de fonctionner \u00e0 partir de valeurs r\u00e9f\u00e9rentes, sans d\u00e9rive, pour un dosage parfait et une consommation r\u00e9duite de produits !<\/p>\n\n\n\n<h3 class=\"wp-block-heading\">Nettoyage de cellule d&rsquo;\u00e9lectrolyseur<\/h3>\n\n\n\n<p>Un \u00e9lectrolyseur au sel fonctionne mieux lorsqu\u2019il est propre car la conductivit\u00e9 est de meilleure qualit\u00e9, ce qui permet\u00a0<strong>de g\u00e9n\u00e9rer davantage de chlore<\/strong>. M\u00eame si un \u00e9lectrolyseur au sel pr\u00e9sente peu de contraintes d\u2019entretien au quotidien, il faut penser \u00e0\u00a0<strong>le nettoyer tous les 6 mois environ\u00a0<\/strong>pour maintenir les \u00e9lectrodes en bon \u00e9tat et \u00e9viter une \u00e9rosion pr\u00e9coce.<br>Les produits n\u00e9cessaires au nettoyage de la cellule \u00e9tant dangereux, il est conseill\u00e9 de faire appel \u00e0 un professionnel pour votre s\u00e9curit\u00e9.\u00a0<\/p>\n\n\n\n<p><strong>Exemple de piscine avant et apr\u00e8s traitement<\/strong><\/p>\n\n\n\n<figure class=\"wp-block-gallery has-nested-images columns-6 is-cropped wp-block-gallery-1 is-layout-flex wp-block-gallery-is-layout-flex\">\n<figure class=\"wp-block-image size-large\"><img loading=\"lazy\" decoding=\"async\" width=\"768\" height=\"1024\" data-id=\"1400\" src=\"https:\/\/jardinsetmaisons.info\/wp-content\/uploads\/2024\/09\/piscine-verte-00-1-768x1024.jpg\" alt=\"\" class=\"wp-image-1400\" srcset=\"https:\/\/jardinsetmaisons.info\/wp-content\/uploads\/2024\/09\/piscine-verte-00-1-768x1024.jpg 768w, https:\/\/jardinsetmaisons.info\/wp-content\/uploads\/2024\/09\/piscine-verte-00-1-225x300.jpg 225w, https:\/\/jardinsetmaisons.info\/wp-content\/uploads\/2024\/09\/piscine-verte-00-1-1152x1536.jpg 1152w, https:\/\/jardinsetmaisons.info\/wp-content\/uploads\/2024\/09\/piscine-verte-00-1.jpg 1200w\" sizes=\"auto, (max-width: 768px) 100vw, 768px\" \/><\/figure>\n\n\n\n<figure class=\"wp-block-image size-large\"><img loading=\"lazy\" decoding=\"async\" width=\"768\" height=\"1024\" data-id=\"1404\" src=\"https:\/\/jardinsetmaisons.info\/wp-content\/uploads\/2024\/09\/piscine-verte-01-bis-1-768x1024.jpg\" alt=\"\" class=\"wp-image-1404\" srcset=\"https:\/\/jardinsetmaisons.info\/wp-content\/uploads\/2024\/09\/piscine-verte-01-bis-1-768x1023.jpg 768w, https:\/\/jardinsetmaisons.info\/wp-content\/uploads\/2024\/09\/piscine-verte-01-bis-1-225x300.jpg 225w, https:\/\/jardinsetmaisons.info\/wp-content\/uploads\/2024\/09\/piscine-verte-01-bis-1-1153x1536.jpg 1153w, https:\/\/jardinsetmaisons.info\/wp-content\/uploads\/2024\/09\/piscine-verte-01-bis-1.jpg 1200w\" sizes=\"auto, (max-width: 768px) 100vw, 768px\" \/><\/figure>\n\n\n\n<figure class=\"wp-block-image size-large\"><img loading=\"lazy\" decoding=\"async\" width=\"768\" height=\"1024\" data-id=\"1405\" src=\"https:\/\/jardinsetmaisons.info\/wp-content\/uploads\/2024\/09\/piscine-verte-01-1-768x1024.jpg\" alt=\"\" class=\"wp-image-1405\" srcset=\"https:\/\/jardinsetmaisons.info\/wp-content\/uploads\/2024\/09\/piscine-verte-01-1-768x1023.jpg 768w, https:\/\/jardinsetmaisons.info\/wp-content\/uploads\/2024\/09\/piscine-verte-01-1-225x300.jpg 225w, https:\/\/jardinsetmaisons.info\/wp-content\/uploads\/2024\/09\/piscine-verte-01-1-1153x1536.jpg 1153w, https:\/\/jardinsetmaisons.info\/wp-content\/uploads\/2024\/09\/piscine-verte-01-1.jpg 1200w\" sizes=\"auto, (max-width: 768px) 100vw, 768px\" \/><\/figure>\n\n\n\n<figure class=\"wp-block-image size-large\"><img loading=\"lazy\" decoding=\"async\" width=\"768\" height=\"1024\" data-id=\"1403\" src=\"https:\/\/jardinsetmaisons.info\/wp-content\/uploads\/2024\/09\/piscine-verte-02-1-768x1024.jpg\" alt=\"\" class=\"wp-image-1403\" srcset=\"https:\/\/jardinsetmaisons.info\/wp-content\/uploads\/2024\/09\/piscine-verte-02-1-768x1024.jpg 768w, https:\/\/jardinsetmaisons.info\/wp-content\/uploads\/2024\/09\/piscine-verte-02-1-225x300.jpg 225w, https:\/\/jardinsetmaisons.info\/wp-content\/uploads\/2024\/09\/piscine-verte-02-1-1152x1536.jpg 1152w, https:\/\/jardinsetmaisons.info\/wp-content\/uploads\/2024\/09\/piscine-verte-02-1-1320x1760.jpg 1320w, https:\/\/jardinsetmaisons.info\/wp-content\/uploads\/2024\/09\/piscine-verte-02-1.jpg 1536w\" sizes=\"auto, (max-width: 768px) 100vw, 768px\" \/><\/figure>\n\n\n\n<figure class=\"wp-block-image size-large\"><img loading=\"lazy\" decoding=\"async\" width=\"768\" height=\"1024\" data-id=\"1402\" src=\"https:\/\/jardinsetmaisons.info\/wp-content\/uploads\/2024\/09\/piscine-verte-03-1-768x1024.jpg\" alt=\"\" class=\"wp-image-1402\" srcset=\"https:\/\/jardinsetmaisons.info\/wp-content\/uploads\/2024\/09\/piscine-verte-03-1-768x1023.jpg 768w, https:\/\/jardinsetmaisons.info\/wp-content\/uploads\/2024\/09\/piscine-verte-03-1-225x300.jpg 225w, https:\/\/jardinsetmaisons.info\/wp-content\/uploads\/2024\/09\/piscine-verte-03-1-1153x1536.jpg 1153w, https:\/\/jardinsetmaisons.info\/wp-content\/uploads\/2024\/09\/piscine-verte-03-1.jpg 1200w\" sizes=\"auto, (max-width: 768px) 100vw, 768px\" \/><\/figure>\n\n\n\n<figure class=\"wp-block-image size-large\"><img loading=\"lazy\" decoding=\"async\" width=\"768\" height=\"1024\" data-id=\"1401\" src=\"https:\/\/jardinsetmaisons.info\/wp-content\/uploads\/2024\/09\/piscine-verte-04-1-768x1024.jpg\" alt=\"\" class=\"wp-image-1401\" srcset=\"https:\/\/jardinsetmaisons.info\/wp-content\/uploads\/2024\/09\/piscine-verte-04-1-768x1023.jpg 768w, https:\/\/jardinsetmaisons.info\/wp-content\/uploads\/2024\/09\/piscine-verte-04-1-225x300.jpg 225w, https:\/\/jardinsetmaisons.info\/wp-content\/uploads\/2024\/09\/piscine-verte-04-1-1153x1536.jpg 1153w, https:\/\/jardinsetmaisons.info\/wp-content\/uploads\/2024\/09\/piscine-verte-04-1.jpg 1200w\" sizes=\"auto, (max-width: 768px) 100vw, 768px\" \/><\/figure>\n<figcaption class=\"blocks-gallery-caption wp-element-caption\">Avant, pendant, apr\u00e8s.<\/figcaption><\/figure>\n\n\n\n<h3 class=\"wp-block-heading\"><br>Nettoyage de la fosse \u00e0 rideau<\/h3>\n\n\n\n<p>Le rideau\u00a0<strong>prot\u00e8ge<\/strong>\u00a0votre piscine des feuilles, du soleil et a de\u00a0<strong>nombreux avantages<\/strong>.<br>Lorsqu&rsquo;il s&rsquo;agit d&rsquo;un rideau immerg\u00e9 il est recommand\u00e9 de nettoyer son volet immerg\u00e9 ainsi que sa fosse\u00a0<strong>au moins 2 fois par an\u00a0<\/strong>(une fois \u00e0 l&rsquo;automne au moment de l&rsquo;hivernage et une fois au printemps au moment de la mise en service de la piscine).<br>Sans cet entretien,  l&rsquo;accumulation de feuilles, de poussi\u00e8re et de d\u00e9bris en tout genre\u00a0<strong>augmentera significativement  votre consommation\u00a0<\/strong>de d\u00e9sinfectant (chlore, brome&#8230;).<\/p>\n\n\n\n<h3 class=\"wp-block-heading\">Hivernage de votre piscine<\/h3>\n\n\n\n<p>Le but de l\u2019hivernage est de\u00a0<strong>pr\u00e9server votre installation\u00a0<\/strong>du froid et de l&rsquo;humidit\u00e9. Un bon hivernage permettra une remise en service plus facile de votre piscine au printemps.<br>On parlera\u00a0<strong>d&rsquo;hivernage actif,<\/strong>\u00a0lorsque la filtration tourne quelques heures par jour tout l&rsquo;hiver, ou  <strong>d&rsquo;hivernage passif\u00a0<\/strong>avec vidange de la piscine, purge de la tuyauterie et arr\u00eat de la filtration.<br>\u200dPour  maintenir une  bonne sant\u00e9 de l&rsquo;installation et limiter les frais, il est conseill\u00e9 de r\u00e9aliser un hivernage actif .<br><\/p>\n\n\n\n<h3 class=\"wp-block-heading\">Remise en service de votre piscine<\/h3>\n\n\n\n<p>Apr\u00e8s l&rsquo;hiver ou une p\u00e9riode d&rsquo;absence,  il est imp\u00e9ratif de r\u00e9aliser une\u00a0<strong>remise en service<\/strong>\u00a0de son installation. Nous r\u00e9alisons le nettoyage complet du bassin et du syst\u00e8me de filtration, une analyse de l&rsquo;eau, le r\u00e9glage de l&rsquo;horloge, le contr\u00f4le des \u00e9l\u00e9ments de r\u00e9gulation, la calibration des sondes, la mise en route de la pompe \u00e0 chaleur.<br><br><br><\/p>\n\n\n\n<p><\/p>\n","protected":false},"excerpt":{"rendered":"<p>Analyse et traitement de l&rsquo;eau, nettoyage du bassin, v\u00e9rification des \u00e9quipements, remise en fonctionnement d&rsquo;une installation et pour un bon hivernage, vidange, mise en s\u00e9curit\u00e9 de l&rsquo;installation : Jardins et Maisons peut intervenir dans tous ces domaines et vous aider \u00e0 profiter au mieux de votre piscine. Analyse et traitement de l&rsquo;eau Nous proc\u00e9dons \u00e0 une analyse compl\u00e8te de l\u2019eau et apportons les traitements n\u00e9cessaires&hellip; <\/p>\n","protected":false},"author":1,"featured_media":0,"parent":0,"menu_order":0,"comment_status":"closed","ping_status":"closed","template":"","meta":{"ngg_post_thumbnail":0,"footnotes":""},"class_list":["post-1233","page","type-page","status-publish","hentry","clearfix"],"yoast_head":"<!-- This site is optimized with the Yoast SEO plugin v26.6 - https:\/\/yoast.com\/wordpress\/plugins\/seo\/ -->\n<title>Entretien - Jardins et Maisons - Nicolas Berger<\/title>\n<meta name=\"robots\" content=\"index, follow, max-snippet:-1, max-image-preview:large, max-video-preview:-1\" \/>\n<link rel=\"canonical\" href=\"https:\/\/jardinsetmaisons.info\/index.php\/entretien-2\/\" \/>\n<meta property=\"og:locale\" content=\"fr_FR\" \/>\n<meta property=\"og:type\" content=\"article\" \/>\n<meta property=\"og:title\" content=\"Entretien - Jardins et Maisons - Nicolas Berger\" \/>\n<meta property=\"og:description\" content=\"Analyse et traitement de l&rsquo;eau, nettoyage du bassin, v\u00e9rification des \u00e9quipements, remise en fonctionnement d&rsquo;une installation et pour un bon hivernage, vidange, mise en s\u00e9curit\u00e9 de l&rsquo;installation : Jardins et Maisons peut intervenir dans tous ces domaines et vous aider \u00e0 profiter au mieux de votre piscine. Analyse et traitement de l&rsquo;eau Nous proc\u00e9dons \u00e0 une analyse compl\u00e8te de l\u2019eau et apportons les traitements n\u00e9cessaires&hellip;\" \/>\n<meta property=\"og:url\" content=\"https:\/\/jardinsetmaisons.info\/index.php\/entretien-2\/\" \/>\n<meta property=\"og:site_name\" content=\"Jardins et Maisons - Nicolas Berger\" \/>\n<meta property=\"article:modified_time\" content=\"2024-09-25T14:50:04+00:00\" \/>\n<meta property=\"og:image\" content=\"https:\/\/jardinsetmaisons.info\/wp-content\/uploads\/2024\/09\/piscine-verte-00-1-768x1024.jpg\" \/>\n<meta name=\"twitter:card\" content=\"summary_large_image\" \/>\n<meta name=\"twitter:label1\" content=\"Dur\u00e9e de lecture estim\u00e9e\" \/>\n\t<meta name=\"twitter:data1\" content=\"4 minutes\" \/>\n<script type=\"application\/ld+json\" class=\"yoast-schema-graph\">{\"@context\":\"https:\/\/schema.org\",\"@graph\":[{\"@type\":\"WebPage\",\"@id\":\"https:\/\/jardinsetmaisons.info\/index.php\/entretien-2\/\",\"url\":\"https:\/\/jardinsetmaisons.info\/index.php\/entretien-2\/\",\"name\":\"Entretien - Jardins et Maisons - Nicolas Berger\",\"isPartOf\":{\"@id\":\"https:\/\/jardinsetmaisons.info\/#website\"},\"primaryImageOfPage\":{\"@id\":\"https:\/\/jardinsetmaisons.info\/index.php\/entretien-2\/#primaryimage\"},\"image\":{\"@id\":\"https:\/\/jardinsetmaisons.info\/index.php\/entretien-2\/#primaryimage\"},\"thumbnailUrl\":\"https:\/\/jardinsetmaisons.info\/wp-content\/uploads\/2024\/09\/piscine-verte-00-1-768x1024.jpg\",\"datePublished\":\"2024-09-25T12:45:00+00:00\",\"dateModified\":\"2024-09-25T14:50:04+00:00\",\"breadcrumb\":{\"@id\":\"https:\/\/jardinsetmaisons.info\/index.php\/entretien-2\/#breadcrumb\"},\"inLanguage\":\"fr-FR\",\"potentialAction\":[{\"@type\":\"ReadAction\",\"target\":[\"https:\/\/jardinsetmaisons.info\/index.php\/entretien-2\/\"]}]},{\"@type\":\"ImageObject\",\"inLanguage\":\"fr-FR\",\"@id\":\"https:\/\/jardinsetmaisons.info\/index.php\/entretien-2\/#primaryimage\",\"url\":\"https:\/\/jardinsetmaisons.info\/wp-content\/uploads\/2024\/09\/piscine-verte-00-1.jpg\",\"contentUrl\":\"https:\/\/jardinsetmaisons.info\/wp-content\/uploads\/2024\/09\/piscine-verte-00-1.jpg\",\"width\":1200,\"height\":1600},{\"@type\":\"BreadcrumbList\",\"@id\":\"https:\/\/jardinsetmaisons.info\/index.php\/entretien-2\/#breadcrumb\",\"itemListElement\":[{\"@type\":\"ListItem\",\"position\":1,\"name\":\"Accueil\",\"item\":\"https:\/\/jardinsetmaisons.info\/\"},{\"@type\":\"ListItem\",\"position\":2,\"name\":\"Entretien\"}]},{\"@type\":\"WebSite\",\"@id\":\"https:\/\/jardinsetmaisons.info\/#website\",\"url\":\"https:\/\/jardinsetmaisons.info\/\",\"name\":\"Jardins et Maisons - Nicolas Berger\",\"description\":\"Jardins et Maisons - Nicolas Berger\",\"potentialAction\":[{\"@type\":\"SearchAction\",\"target\":{\"@type\":\"EntryPoint\",\"urlTemplate\":\"https:\/\/jardinsetmaisons.info\/?s={search_term_string}\"},\"query-input\":{\"@type\":\"PropertyValueSpecification\",\"valueRequired\":true,\"valueName\":\"search_term_string\"}}],\"inLanguage\":\"fr-FR\"}]}<\/script>\n<!-- \/ Yoast SEO plugin. -->","yoast_head_json":{"title":"Entretien - Jardins et Maisons - Nicolas Berger","robots":{"index":"index","follow":"follow","max-snippet":"max-snippet:-1","max-image-preview":"max-image-preview:large","max-video-preview":"max-video-preview:-1"},"canonical":"https:\/\/jardinsetmaisons.info\/index.php\/entretien-2\/","og_locale":"fr_FR","og_type":"article","og_title":"Entretien - Jardins et Maisons - Nicolas Berger","og_description":"Analyse et traitement de l&rsquo;eau, nettoyage du bassin, v\u00e9rification des \u00e9quipements, remise en fonctionnement d&rsquo;une installation et pour un bon hivernage, vidange, mise en s\u00e9curit\u00e9 de l&rsquo;installation : Jardins et Maisons peut intervenir dans tous ces domaines et vous aider \u00e0 profiter au mieux de votre piscine. Analyse et traitement de l&rsquo;eau Nous proc\u00e9dons \u00e0 une analyse compl\u00e8te de l\u2019eau et apportons les traitements n\u00e9cessaires&hellip;","og_url":"https:\/\/jardinsetmaisons.info\/index.php\/entretien-2\/","og_site_name":"Jardins et Maisons - Nicolas Berger","article_modified_time":"2024-09-25T14:50:04+00:00","og_image":[{"url":"https:\/\/jardinsetmaisons.info\/wp-content\/uploads\/2024\/09\/piscine-verte-00-1-768x1024.jpg","type":"","width":"","height":""}],"twitter_card":"summary_large_image","twitter_misc":{"Dur\u00e9e de lecture estim\u00e9e":"4 minutes"},"schema":{"@context":"https:\/\/schema.org","@graph":[{"@type":"WebPage","@id":"https:\/\/jardinsetmaisons.info\/index.php\/entretien-2\/","url":"https:\/\/jardinsetmaisons.info\/index.php\/entretien-2\/","name":"Entretien - Jardins et Maisons - Nicolas Berger","isPartOf":{"@id":"https:\/\/jardinsetmaisons.info\/#website"},"primaryImageOfPage":{"@id":"https:\/\/jardinsetmaisons.info\/index.php\/entretien-2\/#primaryimage"},"image":{"@id":"https:\/\/jardinsetmaisons.info\/index.php\/entretien-2\/#primaryimage"},"thumbnailUrl":"https:\/\/jardinsetmaisons.info\/wp-content\/uploads\/2024\/09\/piscine-verte-00-1-768x1024.jpg","datePublished":"2024-09-25T12:45:00+00:00","dateModified":"2024-09-25T14:50:04+00:00","breadcrumb":{"@id":"https:\/\/jardinsetmaisons.info\/index.php\/entretien-2\/#breadcrumb"},"inLanguage":"fr-FR","potentialAction":[{"@type":"ReadAction","target":["https:\/\/jardinsetmaisons.info\/index.php\/entretien-2\/"]}]},{"@type":"ImageObject","inLanguage":"fr-FR","@id":"https:\/\/jardinsetmaisons.info\/index.php\/entretien-2\/#primaryimage","url":"https:\/\/jardinsetmaisons.info\/wp-content\/uploads\/2024\/09\/piscine-verte-00-1.jpg","contentUrl":"https:\/\/jardinsetmaisons.info\/wp-content\/uploads\/2024\/09\/piscine-verte-00-1.jpg","width":1200,"height":1600},{"@type":"BreadcrumbList","@id":"https:\/\/jardinsetmaisons.info\/index.php\/entretien-2\/#breadcrumb","itemListElement":[{"@type":"ListItem","position":1,"name":"Accueil","item":"https:\/\/jardinsetmaisons.info\/"},{"@type":"ListItem","position":2,"name":"Entretien"}]},{"@type":"WebSite","@id":"https:\/\/jardinsetmaisons.info\/#website","url":"https:\/\/jardinsetmaisons.info\/","name":"Jardins et Maisons - Nicolas Berger","description":"Jardins et Maisons - Nicolas Berger","potentialAction":[{"@type":"SearchAction","target":{"@type":"EntryPoint","urlTemplate":"https:\/\/jardinsetmaisons.info\/?s={search_term_string}"},"query-input":{"@type":"PropertyValueSpecification","valueRequired":true,"valueName":"search_term_string"}}],"inLanguage":"fr-FR"}]}},"_links":{"self":[{"href":"https:\/\/jardinsetmaisons.info\/index.php\/wp-json\/wp\/v2\/pages\/1233","targetHints":{"allow":["GET"]}}],"collection":[{"href":"https:\/\/jardinsetmaisons.info\/index.php\/wp-json\/wp\/v2\/pages"}],"about":[{"href":"https:\/\/jardinsetmaisons.info\/index.php\/wp-json\/wp\/v2\/types\/page"}],"author":[{"embeddable":true,"href":"https:\/\/jardinsetmaisons.info\/index.php\/wp-json\/wp\/v2\/users\/1"}],"replies":[{"embeddable":true,"href":"https:\/\/jardinsetmaisons.info\/index.php\/wp-json\/wp\/v2\/comments?post=1233"}],"version-history":[{"count":14,"href":"https:\/\/jardinsetmaisons.info\/index.php\/wp-json\/wp\/v2\/pages\/1233\/revisions"}],"predecessor-version":[{"id":1408,"href":"https:\/\/jardinsetmaisons.info\/index.php\/wp-json\/wp\/v2\/pages\/1233\/revisions\/1408"}],"wp:attachment":[{"href":"https:\/\/jardinsetmaisons.info\/index.php\/wp-json\/wp\/v2\/media?parent=1233"}],"curies":[{"name":"wp","href":"https:\/\/api.w.org\/{rel}","templated":true}]}}